9*w(o) - 2*y(o). What are the prime factors of z(5)?
2
Suppose -7*c + 5*t - 24 = -3*c, 4 = t. Let q = c - -3. List the prime factors of q.
2
Suppose z = -4*z - 50. Let w be 6/z + (-17)/5. Let u(n) = n**2 + n + 1. List the prime factors of u(w).
13
Let b be (-1 - 0) + 1 + -13. What are the prime factors of (-4 - b) + 0/(-2)?
3
Suppose 6 = 2*y, -4*y = p - 10 - 7. Suppose -38 = p*n - 103. List the prime factors of n.
13
Suppose -51 = q - 225. What are the prime factors of q?
2, 3, 29
Let k(u) = -9*u**2 - 9*u - 11. Let h(y) = 4*y**2 + 4*y + 5. Let d(o) = -7*h(o) - 3*k(o). Let j be d(0). List the prime factors of 0 + 7 - (j - -3).
2, 3
Let t(m) = -m**3 - 6*m**2 - 6*m - 18. List the prime factors of t(-8).
2, 79
Suppose 0 = -2*z + 4 - 0. Suppose -u + z*q + 5 = -2*u, -q - 4 = 0. Suppose 7*w - u*w = 28. What are the prime factors of w?
7
Let p = -14 - -29. Let w = 39 - p. List the prime factors of w.
2, 3
Let a = 184 - 58. List the prime factors of a.
2, 3, 7
Suppose -3*k + 7*k - 48 = 0. What are the prime factors of (-2)/k - (-327)/18?
2, 3
Let k be (-1)/(1/(-12) - 0). What are the prime factors of (-1)/2*(-4 - k)?
2
Let i(q) = q**2 + 3. Let h be i(0). Suppose -h*w = -2*w + 4. List the prime factors of (-24)/(-9) - w/(-6).
2
Let o be 1/((12/9)/4). Suppose 0 = -6*t + o*t + 45. List the prime factors of t.
3, 5
Let u = 13 - -11. What are the prime factors of u?
2, 3
Let r = -1 + 3. Suppose -15 = -4*y + r*v + 15, -5*v - 3 = 2*y. Suppose -2*g - y = -16. What are the prime factors of g?
5
Let y = 117 + -81. Suppose -y = -k - 4*s, 0 = -3*k - 2*k + s + 117. Suppose 3*u - 36 = -0*u - t, -k = -2*u - 2*t. List the prime factors of u.
2, 3
Let o = 57 + -15. Let b = o + -14. List the prime factors of b.
2, 7
Let w = 46 + -25. What are the prime factors of w?
3, 7
List the prime factors of (260 - 0/(-4 - -5)) + 0.
2, 5, 13
Suppose m = 2*o + o - 53, -41 = -3*o - 5*m. What are the prime factors of o?
17
Let s = -24 + -23. Let l = -32 - s. List the prime factors of l.
3, 5
Suppose -71*a + 70*a + 46 = 0. List the prime factors of a.
2, 23
Let l = 1 - 0. Suppose 4*j - 28 = 2*t, t = 5*j - 34 - l. Let m = -3 + j. What are the prime factors of m?
2
Suppose -6*j + j = 0. Let i = 11 + j. What are the prime factors of i?
11
Suppose 46 = 5*q - 74. What are the prime factors of q?
2, 3
Suppose 5*d = 3*d + 156. List the prime factors of d.
2, 3, 13
Let a be (-4 - -7) + (0 - -1). Suppose 0 = -4*y - 12 - 4, a*o - 56 = 3*y. List the prime factors of o.
11
Let c be 0/(-2)*4/8. Suppose 4*x - 6 - 6 = c. List the prime factors of x.
3
Let c(t) = -t**2 + 9*t + 4. Let n be c(8). Suppose 0 = -3*v - 0*v + 60. Let g = v - n. What are the prime factors of g?
2
What are the prime factors of (-36)/30*20/(-6)?
2
Let j(m) = 20*m - 43. What are the prime factors of j(8)?
3, 13
Let v(i) = i**3 - 7*i**2 - 2*i - 2. Let u be v(7). Let o = u + 19. List the prime factors of o.
3
Let s be 2/((-3)/(-54)*3). Let v(p) = -s - 2*p**2 + p**3 + 10*p - 6*p**2 - p**2. What are the prime factors of v(8)?
2
Let l = 26 + -20. What are the prime factors of l?
2, 3
List the prime factors of (-4 - (-1 + -2))*-51.
3, 17
Suppose 40 = -3*d - 74. Let t = 60 + d. List the prime factors of t.
2, 11
Let r = 12 + 58. List the prime factors of r.
2, 5, 7
Let f be 6/10 - (-42)/30. Let u(d) = 2*d**3 - 2. List the prime factors of u(f).
2, 7
List the prime factors of 1*-2 + 252/7.
2, 17
Let y(v) = -v**2 - v - 1. Let j be y(-1). Let t be 26/6 + j/3. Let u(a) = -a**2 + 5*a + 5. What are the prime factors of u(t)?
3
Suppose -2*s = 5*r - 28 - 249, -4*r - 5*s = -225. What are the prime factors of r?
5, 11
Suppose 4*i + l - 143 = 0, 4*i = 3*l + 14 + 133. List the prime factors of i.
2, 3
Let i be ((-13)/(-5) - 3)*-45. List the prime factors of (-4)/(-3)*i/12.
2
Let y be (138/(-9))/(2/12). Let x = -47 - y. Suppose 0 = 2*t + 3*t - x. List the prime factors of t.
3
Let l(h) = 41*h - 20. List the prime factors of l(9).
349
Let v = 127 + -19. What are the prime factors of v?
2, 3
Suppose 0 = -0*f + 2*f. Suppose 3*o - 2*n = 0, -o - 2*n - 5 - 3 = f. Let q = 4 + o. What are the prime factors of q?
2
Let h be (-348)/(-42) - 4/14. Let q = h - 3. List the prime factors of q.
5
Suppose -s = -0*s - 3. Suppose 4*g - 4*w = -28, -16 = s*g + 2*w + 10. Let q = 0 - g. List the prime factors of q.
2
Let v be (-4)/(-10) + (-308)/20. Let u be 5*((-27)/v + -1). Suppose -m + 6 = -2*w - 2, u*w = 0. List the prime factors of m.
2
List the prime factors of (-2040)/(-56) + 3/(-7).
2, 3
Let j(d) = 20*d - 1. Let u be j(2). Suppose -9 + u = 2*l. List the prime factors of l.
3, 5
Suppose -1 = 2*u + 3*i, 9*i + 5 = 4*i. List the prime factors of (6 - 3)*u + 15.
2, 3
Let i(c) be the first derivative of c**3/3 - c**2/2 + 3*c - 3. Let d(g) be the first derivative of i(g). List the prime factors of d(5).
3
Suppose -106*k = -103*k - 345. What are the prime factors of k?
5, 23
Suppose -2*i + 7 = -3*i. Let k = -5 - i. List the prime factors of k.
2
Let a(j) = 8*j - 1. Let i be a(1). Suppose 0 = -5*p + i*p - 52. What are the prime factors of p?
2, 13
Let v(r) = -r**2 + 34*r - 42. List the prime factors of v(26).
2, 83
Let f = -39 - -68. What are the prime factors of f?
29
Suppose -g = -13 + 6. List the prime factors of g.
7
Let u = 238 - 83. What are the prime factors of u?
5, 31
Let i(u) = -u + 0 + 6*u + 3 - u**3 - u**3. List the prime factors of i(-3).
2, 3, 7
Let z be (2 - 2)/(2/(-2)). Suppose -j + 12 = -z*j. What are the prime factors of j?
2, 3
Let k = -3 + 7. Suppose -k*q - 16 = 0, 17 = 3*u + q - 3*q. What are the prime factors of (-10)/(-6)*9/u?
5
Let o = 3 - 8. Let g be 4*2/(8/o). Let r = 14 + g. What are the prime factors of r?
3
Let n(h) = h**2 + 6*h - 3. Let j be n(-7). Suppose -j*s + 2 + 2 = 0. Let c = 7 + s. List the prime factors of c.
2
Let o(k) = 34*k - 4. What are the prime factors of o(4)?
2, 3, 11
Let k(w) = -2*w**3 - 2*w**2 - 4. List the prime factors of k(-3).
2
Let z be -1 + (3 - -2) + 1. Suppose z*g - 41 = -16. Suppose 2*j + g*c = 19, 65 = 4*j + c + 18. List the prime factors of j.
2, 3
Let i(q) = -q**2 - 2*q + 3. Let v be i(3). Let n = v - -27. What are the prime factors of n?
3, 5
Let u(w) = -w**3 - 3*w**2 + 5*w - 6. Let g be u(3). List the prime factors of (-3)/(-5) + (-1368)/g.
31
Suppose 0 = 3*v - x + 7, 4*v = 3*v - x - 5. Let u(c) = c**3 + 8*c**2 + 2*c - 6. List the prime factors of u(v).
3, 11
Let s(f) = -f**2 + f - 1. Let v = -1 + 4. Let k be s(v). List the prime factors of 2/(-7) + (-37)/k.
5
Suppose 3*j = 3*z + 30, -3*j - 2*z = -63 + 13. What are the prime factors of j?
2, 7
Let s(p) = p**3 + 4*p**2 - 3*p + 5. Let c be s(-5). Let n = c - -4. What are the prime factors of (-8)/(n + -3 - -3)?
2
Suppose -8 - 14 = -2*y. Suppose s - 4 = -y. Let g = 10 + s. List the prime factors of g.
3
Suppose 5*r = 4*r + 6. List the prime factors of r.
2, 3
Suppose 4*j = j + 33. Let z = 0 + j. List the prime factors of z.
11
Suppose 2*j - 5*o - 476 = 0, j - 996 = -3*j - o. What are the prime factors of j?
2, 31
Let s(w) = -w**3 + 4*w**2 + 4. Let u be s(4). Suppose -3*x + 4*m = 2, 5*x - u*m + 2 - 4 = 0. List the prime factors of x.
2
Suppose -3*z + 5*o + 22 = 0, 4*o = -3*z - o - 28. Let f = 10 - z. What are the prime factors of f?
11
Suppose -4*m + 14 - 2 = 0. Let g be m/(-6)*2 + 9. Let d = g - 6. List the prime factors of d.
2
Let q(w) be the second derivative of -w**6/720 + 7*w**5/120 - w**4/6 - w. Let b(o) be the third derivative of q(o). What are the prime factors of b(0)?
7
Let r(p) be the first derivative of p**4/4 + 2*p**3/3 - 2*p**2 + 6*p - 7. List the prime factors of r(3).
3, 13
Let o = -16 + 22. Suppose 0*n + 4*n = 36. List the prime factors of 128/12 - o/n.
2, 5
Let k = 75 - 24. What are the prime factors of k?
3, 17
Suppose -2*r - 2*r = 8, -3*m - 4*r = -52. List the prime factors of m.
2, 5
Let i = 29 + 4. What are the prime factors of i?
3, 11
Let x = 33 + -11. What are the prime factors of x?
2, 11
Let l(d) = 2*d - 4. Let a be l(3). Let v(b) = b**2 + 1. Let y(i) = -2*i**2 + i - 4. Let f(j) = 3*v(j) + y(j). What are the prime factors of f(a)?
5
Let s(l) = 5*l**3 + 2*l. Let g(r) = 26*r**3 - r**2 + 11*r + 1. Let h(b) = 2*g(b) - 11*s(b). List the prime factors of h(-2).
2, 3
Let s(v) = 4*v**2 + 5*v - 4. Let a(o) = -3*o**2 - 5*o + 3. Let q(w) = -5*